{"id":11,"date":"2015-09-17T21:00:40","date_gmt":"2015-09-17T19:00:40","guid":{"rendered":"http:\/\/www.vulkanlandsternwarte.at\/wordpress\/?page_id=11"},"modified":"2026-03-21T22:35:19","modified_gmt":"2026-03-21T21:35:19","slug":"team","status":"publish","type":"page","link":"https:\/\/www.vulkanlandsternwarte.at\/index.php\/team\/","title":{"rendered":"Mitgliedschaft"},"content":{"rendered":"<p>Unsere Ziele:<\/p>\n<ul>\n<li>N\u00e4herbringen der Astronomie und Raumfahrt einer breiten \u00d6ffentlichkeit, vor allem der Jugend<\/li>\n<li>Die Einzigartigkeit unseres blauen Planeten darstellen<\/li>\n<li>Fotos der einzigartigen Sterne, Planeten und Galaxien erstellen<\/li>\n<li>fachlicher Austausch unter Amateur Astronomen und Astrophotographen<\/li>\n<\/ul>\n<p>Ihre Mitgliedsvorteile:<\/p>\n<ul>\n<li>Sie haben die M\u00f6glichkeit den Sternenhimmel von Grund auf kennenzulernen<\/li>\n<li>Wir beraten Sie beim Kauf von Teleskopen, Kameras, Zubeh\u00f6r etc.<\/li>\n<li>Sie vermeiden Fehler, die gerne am Anfang begangen werden (wir haben sie fast alle f\u00fcr Sie schon begangen)<\/li>\n<li>Bei unseren monatlichen Vereinstreffen gibt es immer wieder Vortr\u00e4ge zu verschiedensten Themen rund um die Astronomie und Photographie.<\/li>\n<li>Sie werden \u00fcber unsere Emailnewsletter mit Neuigkeiten aus dem Bereich Astronomie informiert.<\/li>\n<\/ul>\n<p>Au\u00dferdem k\u00f6nnen sie als Vereinsmitglied kostenlos an den F\u00fchrungen teilnehmen.<\/p>\n<p>Der Jahresmitgliedsbeitrag betr\u00e4gt:<\/p>\n<ul>\n<li>f\u00fcr Mitglieder bis 14 Jahre EUR\u00a09,&#8211; \/Jahr<\/li>\n<li>f\u00fcr\u00a0Mitglieder ab 14 Jahren EUR\u00a018,&#8211; \/Jahr<\/li>\n<li>f\u00fcr\u00a0Familienmitglieder EUR 25,&#8211; \/Jahr.<\/li>\n<\/ul>\n<p>Einzahlung per Erlagschein m\u00f6glich:<\/p>\n<p>Empf\u00e4nger: ACA Astroclub Auersbach, <span lang=\"DE\">Raiffeisenbank Region Feldbach, <\/span><span lang=\"DE\">IBAN: AT03 3849 7000 0004 6599<br \/>\n<\/span><span style=\"font-size: 1rem;\">(bitte Name auf der Einzahlung bekanntgeben! Danke!)<\/span><\/p>\n","protected":false},"excerpt":{"rendered":"<p>Unsere Ziele: N\u00e4herbringen der Astronomie und Raumfahrt einer breiten \u00d6ffentlichkeit, vor allem der Jugend Die Einzigartigkeit unseres blauen Planeten darstellen Fotos der einzigartigen Sterne, Planeten und Galaxien erstellen fachlicher Austausch unter Amateur Astronomen und Astrophotographen Ihre Mitgliedsvorteile: Sie haben die M\u00f6glichkeit den Sternenhimmel von Grund auf kennenzulernen Wir beraten Sie beim Kauf von Teleskopen, Kameras, &hellip; <\/p>\n<p class=\"link-more\"><a href=\"https:\/\/www.vulkanlandsternwarte.at\/index.php\/team\/\" class=\"more-link\">Read more<span class=\"screen-reader-text\"> &#8222;Mitgliedschaft&#8220;<\/span><\/a><\/p>\n","protected":false},"author":1,"featured_media":0,"parent":0,"menu_order":0,"comment_status":"closed","ping_status":"closed","template":"","meta":{"footnotes":""},"class_list":["post-11","page","type-page","status-publish","hentry"],"_links":{"self":[{"href":"https:\/\/www.vulkanlandsternwarte.at\/index.php\/wp-json\/wp\/v2\/pages\/11","targetHints":{"allow":["GET"]}}],"collection":[{"href":"https:\/\/www.vulkanlandsternwarte.at\/index.php\/wp-json\/wp\/v2\/pages"}],"about":[{"href":"https:\/\/www.vulkanlandsternwarte.at\/index.php\/wp-json\/wp\/v2\/types\/page"}],"author":[{"embeddable":true,"href":"https:\/\/www.vulkanlandsternwarte.at\/index.php\/wp-json\/wp\/v2\/users\/1"}],"replies":[{"embeddable":true,"href":"https:\/\/www.vulkanlandsternwarte.at\/index.php\/wp-json\/wp\/v2\/comments?post=11"}],"version-history":[{"count":7,"href":"https:\/\/www.vulkanlandsternwarte.at\/index.php\/wp-json\/wp\/v2\/pages\/11\/revisions"}],"predecessor-version":[{"id":6313,"href":"https:\/\/www.vulkanlandsternwarte.at\/index.php\/wp-json\/wp\/v2\/pages\/11\/revisions\/6313"}],"wp:attachment":[{"href":"https:\/\/www.vulkanlandsternwarte.at\/index.php\/wp-json\/wp\/v2\/media?parent=11"}],"curies":[{"name":"wp","href":"https:\/\/api.w.org\/{rel}","templated":true}]}}